0
Let h be (-3)/(9/6) - -218. Suppose h = -5*n + 6. Let g = 77 + n. What is the units digit of g?
5
Suppose 2*z = -j - 0 + 3, 4*z + 33 = j. Let l be j/2 - (-2)/(-4). Suppose w - l - 3 = 0. What is the units digit of w?
9
Let i = 9 - 6. Let n be (i/(-9))/(1/(-549)). Suppose -10 = 2*d, 3*d - 6 = 3*a - n. What is the units digit of a?
4
What is the tens digit of 6 + (-14)/7 - (2 + -132)?
3
Let a = -96 - -346. What is the units digit of a?
0
Let a = 52 - 3. Suppose -2*o = -3*o + a. What is the tens digit of o?
4
Let s = 25 - -31. Let t = 94 - s. What is the units digit of t?
8
Let g = 32 - 32. Suppose g = -5*y - 5 + 65. What is the units digit of y?
2
Let a(d) = -d**2 + 19*d - 24. Let j be a(9). Suppose -6 = 5*w - j. What is the tens digit of w?
1
Let n be (((-360)/(-4))/(-3))/1. What is the units digit of 24/(-10)*100/n?
8
Suppose w - 7 = -1. Suppose -2*v = 4*o - w, 6*v = -5*o + 3*v + 9. What is the units digit of 3 - (1 - o/(-2))?
2
Suppose 0 = -6*r - 3*r + 45. Suppose 3*o - 439 = 4*x + x, -r = -5*x. What is the units digit of o?
8
Let r = 22 + -12. Suppose 0 = -4*v - 278 + 298. Suppose v*b - 4 - 6 = -4*f, r = 5*b - 4*f. What is the units digit of b?
2
Suppose 5*z - 43 = -3*c, 4*c + z - 46 = -0*c. What is the units digit of c?
1
Suppose 3*y - 81 = -21. Suppose -d - y = -5*h + 4*d, -12 = -3*h - 2*d. Suppose h - 5 = -v. What is the units digit of v?
1
Let m(d) = -d - 7. Let l be m(-8). Let p(h) be the third derivative of 47*h**5/60 + h**4/12 - h**3/6 - 4*h**2. What is the units digit of p(l)?
8
Let a = 56 - -140. Suppose -6*n - a = -10*n. Suppose -u + 2*z = -3*z - n, 5*u + 5*z - 155 = 0. What is the units digit of u?
4
What is the hundreds digit of 48/(-72)*(2 + -1 + -814)?
5
Suppose c - 5*c = -2*d - 3382, 4*c - 3367 = -d. Let a = c + -576. What is the units digit of a?
7
Suppose 0 = -3*i + 10 - 82. Let c be (154/33)/((-2)/i). Suppose -64 - c = -6*p. What is the units digit of p?
0
Suppose 3*d - 9 - 9 = 0. Suppose d = 2*z + 4*g, -2*g = 3*z + z - 6. What is the units digit of z?
1
Let c(r) = -2*r**2 + r + 3. Let d be c(0). Let y be 0/(-2*3/(-6)). Suppose d*o = -y*o + 72. What is the tens digit of o?
2
Let v(f) = 5*f**3 - 2 + 2*f**2 + 2*f - f - 2*f**3 - 4*f**3. Let c be v(1). Suppose c = 6*t - 50 - 166. What is the units digit of t?
6
Let r(h) = h**2 + h - 7. Let d be r(3). Suppose 20 = d*y - 3*o - 47, -2*o = y - 3. What is the units digit of y?
1
Let z(h) = 2*h**3 + 10*h**2 + 3*h - 33. Let r(l) = -3*l**3 - 21*l**2 - 6*l + 65. Let j(q) = -3*r(q) - 5*z(q). What is the units digit of j(13)?
9
Let l(y) be the third derivative of y**6/120 - 3*y**5/20 - y**4/8 + 19*y**3/6 + 4*y**2. What is the units digit of l(10)?
9
What is the tens digit of (-2 - (-27)/12) + (-2299)/(-4)?
7
Let b(z) = z**2 + 9*z + 4. Let q be b(-5). Let s(r) = -2*r + 16. What is the tens digit of s(q)?
4
What is the units digit of (-343)/(-42) + -6 - (-1)/(-6)?
2
Let u(l) = l**2 - 5*l - 7. Let c(x) = x. Let n be c(0). Suppose 28 = 4*h - 5*b, -2*h = -n*h - b - 14. What is the units digit of u(h)?
7
Let k be ((-10)/(-15))/((-2)/(-9)). Suppose 28 = 2*t - k*o, -2*t + 9 = -2*o - 23. Suppose 3*r - 185 = -t. What is the tens digit of r?
5
Suppose 4*z + 3*g - g - 6 = 0, -5*g = 2*z - 23. Let i = 16 - z. What is the tens digit of i?
1
Suppose -5*m + 7309 = -58*t + 62*t, 5*m + t = 7321. What is the hundreds digit of m?
4
Let k = 3 - 0. Suppose -15 = 5*y, -u - 6*y + 37 = -k*y. What is the units digit of u/5 + (-2)/10?
9
Let h = -21 + 21. Suppose -6*l + 7*l + 18 = h. What is the units digit of l/(-2)*(-1 + 4)?
7
Let d = -37 - -28. Let o be (-7 + 5)*(2 + d). Let y = o - 8. What is the units digit of y?
6
Let u = -7 - -2. Let z(f) = f**2 - 2*f - 1. What is the tens digit of z(u)?
3
Let m = 13868 - 9777. What is the units digit of m?
1
Let l = 510 + 368. What is the tens digit of 12/(-28) + l/7?
2
Suppose -42 + 1 = -5*i + 4*p, -3*p - 15 = -2*i. Suppose 565 = i*q - 4*q. What is the units digit of q?
3
Let p = -51 + 434. What is the hundreds digit of p?
3
Suppose -5*q = -5*r - 9355, 0*q = 4*q - 3*r - 7487. What is the units digit of q?
4
Let l(q) = -q - 12. Let p(u) = -2*u - 37. Let c(n) = 8*l(n) - 3*p(n). What is the tens digit of c(-5)?
2
Let d = 262 + -26. What is the units digit of d?
6
Let t(q) = -q**3 - 14*q**2 - 15*q + 31. Let f be t(-13). Let z = 213 + f. What is the hundreds digit of z?
2
Let d be 12/(-10)*(-130)/39. What is the tens digit of (-50)/d*28/(-10)?
3
Suppose 0 = -4*h - r + 12, -3*h - 4*r = -h - 20. Suppose -g = 3*a - 275, -g - 267 = -h*g - a. What is the hundreds digit of g?
2
Suppose 3*a - 317 = 4*c, 197 = 2*a - 4*c - 9. Suppose 4*m - 125 - a = 0. What is the tens digit of m?
5
Let a = -6 - -9. Suppose a = q - 4. What is the units digit of (q/(-1) - 0)*-1?
7
Let k be -3*12/9 + -122. Let n = 206 + k. What is the tens digit of n?
8
Let j = 31 - -13. Suppose 56 = 5*g - j. Suppose -g = 5*x, -x + 168 = 2*u + 2*u. What is the tens digit of u?
4
Let b(m) = -2*m**3 - 8*m**2 + 16*m - 16. What is the tens digit of b(-8)?
6
Let b = -5 - -13. Let d(l) = -l**2 + 12*l + 14. What is the units digit of d(b)?
6
Suppose p + 4*q = 728, -8*q - 3545 = -5*p - 9*q. What is the tens digit of p?
0
Suppose 5 = a + 2*b, 5*b - 8 = -4*a + 3*b. Let y be 1/((5/(-4))/(-5)). Let n = y + a. What is the units digit of n?
5
What is the hundreds digit of (-7056)/(-70) + (-4)/5?
1
Let h(w) = -2*w**2 - 9*w + 7. Let l(n) = 6*n**2 + 26*n - 21. Let m(g) = -7*h(g) - 2*l(g). What is the tens digit of m(-8)?
3
Let f be 3/2*-2 + 8. Suppose -4*w = f*z - 77 - 145, -4*w = -4*z - 204. Suppose w = 5*m - 27. What is the tens digit of m?
1
Suppose -33*n + 98439 = 2871. What is the thousands digit of n?
2
Suppose 8*y - 44 = 28. Let h = y + 39. What is the tens digit of h?
4
Let z(j) = 64*j**2 - 67*j + 5. What is the tens digit of z(3)?
8
Let p be (-15)/(-9) + -2 - (-194)/6. Suppose p*o + 455 = 37*o. What is the tens digit of o?
9
Let c = 312 + -126. What is the units digit of c?
6
Let d = -15 + 21. Suppose -3*p - 2*v + 3 - 2 = 0, 0 = p - 5*v - d. Let q = p - -30. What is the tens digit of q?
3
Let c(i) be the second derivative of 13/6*i**3 - 13*i + 0 - 12*i**2. What is the tens digit of c(6)?
5
Suppose 0 = 2*f - 5*q - 17, 68 = 7*f - 2*f - 4*q. Let d = f + 17. What is the units digit of d?
3
What is the units digit of ((-1947)/22)/(58/20 + -3)?
5
Let c = -1355 + 2940. What is the thousands digit of c?
1
Let l be (3 + -4)/(1/(-191)). Let g = l + -128. What is the tens digit of g?
6
Let v be -3 - (-3 - (0 - 4)). Let b(d) = -17*d + 8. What is the units digit of b(v)?
6
Suppose -350 = -4*c + 74. Suppose -8 + 176 = 4*b - 4*k, -3*b - k = -c. What is the tens digit of b?
3
Suppose 5*c = c + 36. Let b = c - 7. Suppose -b*f = f - i - 90, 130 = 5*f + 5*i. What is the tens digit of f?
2
Suppose 5*v = 3*c + 4012, -3*c + 145 + 2243 = 3*v. What is the units digit of v?
0
Let g(l) = -36*l**2 - 3*l - 5. Let n(r) = -18*r**2 - r - 2. Let m(t) = 2*g(t) - 5*n(t). What is the units digit of m(1)?
7
Let q(w) = -2*w**2 - 19*w - 8. Let i be q(-9). Let n(a) = 22*a - 3. What is the units digit of n(i)?
9
Let m = -8 + 10. Suppose -3*n + 64 = -4*y, -2*y = m*n - 0*y - 24. Suppose -n = -j - 3*j. What is the units digit of j?
4
Let u(g) be the first derivative of 34*g**3/3 + 2*g**2 + 3*g - 9. What is the tens digit of u(-1)?
3
Let c = -11 - -11. Suppose 0 = -5*l + a + 15, -l + 4*a + 3 = -c. Suppose 14 = -l*u + 74. What is the tens digit of u?
2
Let d = -1421 - -2010. What is the units digit of d?
9
Let i(t) = 5 + 2*t + 20*t - 8 - 21. What is the units digit of i(7)?
0
Let m(h) = -h**3 - 6*h**2 - 7*h - 4. Let u be m(-4). Let c = u + 12. Suppose -2*q = -k + 4*k - 31, -c = q. What is the tens digit of k?
1
Suppose q - 302 = -u, 2*u + 77*q - 609 = 80*q. What is the units digit of u?
3
Let s be (-16)/(-7) + 2/(-7). Let z(f) = -f**3 + 6*f**2 + 3*f - 10. Let k be z(6). Suppose -c + k + s = 0. What is the units digit of c?
0
Let g be (2 + 0)*(-1)/(-1). Suppose 12 = g*k + 2. Suppose a = 4*z + 26, -4*a - k*z = -9*a + 70. What is the units digit of a?
0
Suppose 4*l + 0*l - 12 = 0, -5*p + 4*l = -14698. What is the tens digit of p?
4
Suppose 4*g = -q + 4 - 0, -4*q + 3*g = 3. Suppose q = 2*z + 3*s - 511, -s + 671 = 2*z + 150. What is the units digit of z?
3
Let x be (-3)/(-6